he first derivative of 3*w**2 - w - 1/3*w**3 + 2. What is the units digit of x(5)?
4
Let a(s) = s**3 - 2*s**2 - 5. What is the units digit of a(4)?
7
Suppose 4*c - 3*w + 125 = -0*w, -2*c = -3*w + 67. Let k = c - -66. What is the units digit of k?
7
Let m = -19 - -37. What is the units digit of (6/9)/(3/m)?
4
Let j(f) = -2 + 4 + 6 + 2*f. Let z be j(-6). What is the units digit of z/(-3) + 1/(-3)?
1
Let q(l) = -l**2 + 3*l + 2. Let m be q(4). Let h = m + 1. What is the units digit of h - (-1*18)/3?
5
Suppose -3 - 3 = -2*r. Suppose 135 - 30 = r*q. What is the units digit of q?
5
Suppose 2*i = 2*h + h, -42 = -5*i - 3*h. Let d = -3 + i. What is the units digit of d?
3
Suppose -j - 66 = -y - 3*j, 0 = 4*y + 2*j - 270. What is the tens digit of y?
6
Suppose 4*u + u = 80. Suppose -o - l - 3 = -0, 4*l + u = 0. What is the units digit of o?
1
Let f be -2 + -1 - (-4 - -2). Let r(h) = -13*h**3 - 1. What is the tens digit of r(f)?
1
What is the tens digit of (-3)/(-3) + 0 + 10?
1
Let c = 28 + -8. What is the tens digit of c?
2
Let w(f) = f**3 + 2*f**2 + f - 2. What is the units digit of w(2)?
6
What is the units digit of (-15)/10*-24*8/3?
6
Let t be (4 + (4 - 3))*1. Suppose -2*v - 24 = -t*v. What is the units digit of v?
8
Let h = 3349 + -2057. What is the units digit of h/52 - (-2)/13?
5
Let j(k) = -18*k**3 + 12*k**3 - 2*k**2 - 2 + 3. Let l be j(-1). Suppose 2*i - 47 = -l*y, -y = 4*i - 0*y - 49. What is the tens digit of i?
1
Suppose -v - 19 = -2*v. Suppose p - 3*m - v = 0, 0 = -7*p + 3*p - m + 11. Suppose -p*t = -5 - 39. What is the tens digit of t?
1
Suppose 116 = 4*t + 4*j, 4*t - 69 = -3*j + 46. Suppose l = -3*l - t. What is the units digit of 2/l + 174/21?
8
Let h be ((-1)/(-2))/(2/4). Let g be (-21)/(-6) + 2/4. Let p = g - h. What is the units digit of p?
3
Suppose 3*c = 5*m - 9 + 3, -m = -5*c + 12. Let t be 4/1*c/3. Suppose -11 = -t*h + 45. What is the tens digit of h?
1
Suppose 144 = 4*x + 4*n - 0*n, -x + 4*n + 21 = 0. Let j = x - 21. What is the units digit of j?
2
Let n = -6 - -5. Let g be -3*(-3 - -2)*n. Let l = -2 - g. What is the units digit of l?
1
Let u(m) = m**3 - 13*m**2 + 12*m + 3. What is the units digit of u(12)?
3
Let f(d) = -17*d. What is the tens digit of f(-1)?
1
Let t(y) = -y**2 + 6*y - 6. Let n be t(5). What is the tens digit of (-8)/6*(n - 8)?
1
Suppose 0*b - 3*b - 4*q + 4 = 0, -3*b + 5*q = 5. Suppose -o + l = 4, 5*o - 2*l + 42 - 16 = b. Let n = 9 + o. What is the units digit of n?
3
Let c = 6 - 5. Suppose -3*o - 14 - c = -3*w, -w = o - 11. What is the units digit of w?
8
Let i = -4 + 9. Let r(u) = -3 + 0 - i*u + 6*u. What is the units digit of r(4)?
1
Let m = -2 + 3. What is the units digit of (2 - m) + (3 - -1)?
5
Let b(s) = 4*s**3 + s**2. What is the tens digit of b(2)?
3
Let k be ((-4)/12)/(1/(-9)). Suppose -w = -2*w + k. Suppose 47 = 3*q - 4*b, 1 = 3*q - w*b - 44. What is the units digit of q?
3
Suppose -s + 27 = 2*s. Let y = s + -3. What is the units digit of y?
6
Let l(y) = y**2 - 2*y + 2. Let b be l(3). Suppose 15 - 85 = -b*s. What is the tens digit of s?
1
Let l(d) = -22*d**3 - 4*d**2 - 7*d - 5. What is the tens digit of l(-2)?
6
Suppose 0 = -2*c + 4*s - 2, s - 2 = -1. Suppose 0 = -2*n + 9 + c. Suppose -3*i + 4*w = 7, -8 - 15 = -i - n*w. What is the units digit of i?
3
Let j be (-2)/3*(-18)/4. Let f be (-1)/j - 37/(-3). What is the units digit of (2/4)/(2/f)?
3
Suppose -3*k = k + 32. Let p = k - -14. What is the units digit of (-6)/4*(-16)/p?
4
Let t = -279 - -465. What is the hundreds digit of t?
1
Let y = -86 + 143. What is the units digit of y?
7
Let a = 19 + -12. Let v = a - 5. What is the units digit of v?
2
Let h(y) = -y + 36. What is the units digit of h(11)?
5
What is the tens digit of 120/9*27/12?
3
Let p = 2 + -9. Let w = 19 + p. What is the tens digit of w?
1
Let w(v) = v - 5. Let s be w(6). What is the tens digit of 31 - -1 - s - -2?
3
Suppose -2*p = -252 + 22. What is the units digit of p?
5
Suppose -5 = -2*s + 3. Suppose s = -d + 17. What is the units digit of d?
3
Let a(z) = 11*z - 2*z**2 - 4*z + z**2 - 6. Let h be a(5). Suppose 4*y + 4*b = -y + 38, h = y - b. What is the units digit of y?
6
Suppose 2*z - 6 = 2. Suppose -7*v = -z*v - 6. What is the units digit of v?
2
Let z(n) = -13*n**2 + 5 - 5 + 8*n + 14*n**2. What is the units digit of z(-9)?
9
Let j(q) = -q**3 - 16*q**2 - 17*q - 7. What is the units digit of j(-15)?
3
Let k(w) = 4*w**2 + 7*w**3 - 3*w**2 - 2 + 1. Let b be k(-1). Let y = b + 12. What is the units digit of y?
5
Let f(k) = k**2 + 8*k + 4. Let y be f(-8). Suppose 4*r - 3*n = 63, -r - r + 4 = y*n. Let a = 0 + r. What is the units digit of a?
2
Suppose 2*w = 4 + 2. Suppose 0 = 4*v - 2 - 30. Suppose 5*x - 6 = -w*o - o, -4*o - 4*x = -v. What is the units digit of o?
4
What is the tens digit of (120/(-2))/(12/(-8))?
4
Let u(y) = -y**2 + 5*y**3 + 6*y**2 + 7 - y - 4*y**3. What is the units digit of u(-5)?
2
Suppose 0 = 3*w - 16 + 61. Let v(h) = h**2 + 13*h - 18. What is the tens digit of v(w)?
1
Let f(a) = 6 - a**2 + 10*a + 3 + 2*a**2. Let d = 30 - 40. What is the units digit of f(d)?
9
Suppose a - 4*a = -g - 88, -4*a + 104 = 2*g. What is the tens digit of a?
2
Suppose -4*f + 145 = 3*b - 80, -5*f - 4*b + 282 = 0. What is the units digit of f?
4
What is the tens digit of 48/5 - (-12)/30?
1
Let o(t) = t**2 - 2*t + 16. What is the tens digit of o(0)?
1
Suppose 2*g - 2 = 8. Suppose -1 = 2*n - g*h, -2*n + 28 = h + 11. Suppose p + 0*p - n = 0. What is the units digit of p?
7
Suppose 48*u - 360 = 47*u. What is the tens digit of u?
6
Let n = 53 - 29. Suppose -n - 22 = -2*l. What is the tens digit of l?
2
What is the units digit of 4696/18 + 8/72?
1
Let k = -11 + -11. Let b = 57 + k. What is the units digit of b?
5
Suppose -2*u - 58 = -4*a, 13 = a - 4*u + 5*u. Let h = a - -44. What is the units digit of h?
8
Suppose 0*h - 3*h - 3*k = -21, 3*k = 3*h + 9. Suppose 42 - 4 = 3*l + h*a, 0 = 3*a + 15. What is the units digit of l?
6
Let p(j) = j**3 - 3*j**2 + 3*j. What is the units digit of p(2)?
2
Let a(w) = 3*w**2 + w. Let u be a(1). Let q be u*((-10)/(-8) + -1). What is the units digit of q/3 + 32/12?
3
Let u = -5 - -11. Suppose i - 2 = -u. Let m = 0 - i. What is the units digit of m?
4
What is the tens digit of (741/(-65))/((-2)/10)?
5
Suppose 2*a - 8 = 2*b, 2 = 5*b + 4*a - 14. Suppose -3*i + 26 + 10 = b. What is the tens digit of i?
1
Let u(d) = d - 2. Let i(z) = 2*z - 4. Let c(r) = -6*i(r) + 14*u(r). What is the units digit of c(3)?
2
Let b = 12 - 5. Suppose -6 = -2*k + 6. Let r = b - k. What is the units digit of r?
1
Let m be (-3)/5*-2*-5. Let z be (15/10)/(3/16). Let q = m + z. What is the units digit of q?
2
Let h(g) = -19*g**3 + g**2. Let z be h(1). Let b = -18 - -11. Let d = b - z. What is the tens digit of d?
1
Let d = -3 + 7. Suppose -88 = -d*j - 3*r - 2*r, -j = 4*r - 33. What is the units digit of j?
7
Let v(g) = g**3 - 13*g**2 + 2*g + 16. What is the tens digit of v(13)?
4
Let s(x) = -x - 9. Let t be (2 - 3) + -1 + 1. Let v(k) = -1. Let y(n) = t*s(n) + v(n). What is the units digit of y(-7)?
1
Suppose -2*q - 13 = -v, -48 = -5*v + 5*q - 8. Suppose 34 + 50 = 4*n - v*d, 4*d = 5*n - 106. What is the tens digit of n?
1
Let m be ((-5)/10)/((-1)/12). Let l(c) = -c**2 - c. Let y(q) = -5*q**2 + 1. Let j(u) = 4*l(u) - y(u). What is the units digit of j(m)?
1
Let w(g) = g**2 - 6*g + 9. Suppose 2*v + v - 18 = 0. What is the units digit of w(v)?
9
Let i be (-4)/6 - (-136)/6. Suppose j + 0*j = i. What is the tens digit of j?
2
Let o be (-1)/(-5) + 216/45. Let f(y) = y**2 - 2*y - 1. What is the units digit of f(o)?
4
Let n(a) = a**2 - 10*a + 30. What is the units digit of n(7)?
9
Suppose f - 4*r = 1 + 14, -12 = 3*r. Suppose 0 = v - 6*v + 20. Let j = f + v. What is the units digit of j?
3
Suppose -4*v - 2*u + u = -84, 5*u = 5*v - 80. What is the units digit of v?
0
What is the units digit of (12/7)/6 - 10035/(-35)?
7
Let y = -94 - -163. What is the units digit of y?
9
Let r = -4 - -4. Suppose -2 = -f - r. What is the units digit of f?
2
Suppose -p + 0*p = -5*f, 0 = 5*f + 5*p + 30. Let h be 1 + 0 + 0 + 10. Let c = h - f. What is the units digit of c?
2
Let y(k) = k**2 - 2*k + 2. Let s be y(2). Suppose -3*f + 48 = s*i + 2*i, -4*i = -4*f - 20. What is the units digit of i?
9
What is the tens digit of 75*((-4)/(-6